01122?
1200112002
In base 14, what is -10b446 + -3c?
-10b484
In base 10, what is 141341 + -143?
141198
In base 14, what is -163cb063b + 0?
-163cb063b
In base 12, what is b7037 - -1262?
b8299
In base 3, what is -1121111202010 + -20?
-1121111202100
In base 8, what is -352752 - -1504?
-351246
In base 13, what is -2425 + 762?
-1993
In base 9, what is -12776276 + 13?
-12776263
In base 10, what is 1217 + -5973?
-4756
In base 15, what is -6415534 + 7?
-641552c
In base 11, what is 1560a - -5a8?
16107
In base 14, what is 23 + -8d7847?
-8d7824
In base 15, what is 48e63950 - 2?
48e6394d
In base 6, what is -331 - -1132234?
1131503
In base 14, what is -9a48d2 + -8?
-9a48da
In base 3, what is 10022010100011010 + -11?
10022010100010222
In base 10, what is 44626 + 781?
45407
In base 8, what is -61556057 + 1?
-61556056
In base 16, what is 47185c + -e?
47184e
In base 6, what is 252013 + -3351?
244222
In base 7, what is -624 - 4012304?
-4013231
In base 6, what is -334012 - 21320?
-355332
In base 6, what is -4 + -103522033?
-103522041
In base 14, what is -467 + 110d2c?
1108a5
In base 5, what is 0 + -111133421200?
-111133421200
In base 9, what is 855 - 1504472?
-1503516
In base 14, what is -65c + 55dc?
4d80
In base 9, what is 408614724 - 0?
408614724
In base 8, what is -44472 - 1062?
-45554
In base 12, what is 45 + -40795?
-40750
In base 8, what is -355366 + -1314?
-356702
In base 5, what is 2131123010 - -4?
2131123014
In base 3, what is 1 - 122120200102210112?
-122120200102210111
In base 2, what is -11010011011000101010010111101 - -101?
-11010011011000101010010111000
In base 9, what is 4 + 83737871?
83737875
In base 3, what is -2200 + 20110101110012?
20110101100112
In base 7, what is -5 - -162010634?
162010626
In base 12, what is -1 - 2295063?
-2295064
In base 9, what is -6510030 - 176?
-6510216
In base 7, what is 1102 + 34036?
35141
In base 4, what is 0 - 2023022230201?
-2023022230201
In base 16, what is -2bbc6 - -2b?
-2bb9b
In base 7, what is 1235110360 + -3?
1235110354
In base 15, what is -81b86 - 13c?
-81cc3
In base 7, what is -116 + 362251613?
362251464
In base 12, what is -31 - 1b71548?
-1b71579
In base 12, what is 2550 + -19a4?
768
In base 11, what is -57 - 9329a7?
-932a53
In base 5, what is 124 + -114311042?
-114310413
In base 4, what is -2111 + 103311031?
103302320
In base 8, what is -12613 - -2512?
-10101
In base 4, what is 220313202 - 3121?
220310021
In base 16, what is -4e96 - -85?
-4e11
In base 4, what is 13323 - 101110020?
-101030031
In base 16, what is 1a - -2a8df84?
2a8df9e
In base 3, what is -12 - -1111000221111021?
1111000221111002
In base 4, what is 33330010201 + 0?
33330010201
In base 11, what is 5 - -9070451?
9070456
In base 3, what is -2120101211 + -121020?
-2121000001
In base 12, what is 3952 + 1340?
5092
In base 2, what is 10101110001100011100 - -1010111111?
10101110010111011011
In base 16, what is 45e - 6e076?
-6dc18
In base 2, what is -1111001101100010010 - -10000011010?
-1111001011011111000
In base 8, what is -510 + 24431?
23721
In base 16, what is -3 + 1485b1f?
1485b1c
In base 5, what is -12020 + -32112214?
-32124234
In base 2, what is -11011110010 + 1001101110?
-10010000100
In base 3, what is -2010100201001110 - -11?
-2010100201001022
In base 8, what is -2435 + -12354?
-15011
In base 10, what is 1 + -1025281?
-1025280
In base 7, what is -53006525 + 5?
-53006520
In base 13, what is 6710 + -13727?
-a017
In base 2, what is -101 - 101110100011101000110000001?
-101110100011101000110000110
In base 16, what is 46630c - -1e?
46632a
In base 10, what is 2737148 + 7?
2737155
In base 7, what is -100135635 - 10?
-100135645
In base 5, what is 4222200034 + -10?
4222200024
In base 7, what is -30211550 + -1664?
-30213544
In base 5, what is 1 + -12332333340?
-12332333334
In base 16, what is 305 + 10cb?
13d0
In base 6, what is 4121221 + -53535?
4023242
In base 6, what is -14504012 + 44?
-14503524
In base 11, what is -29761 - -170?
-295a1
In base 16, what is 1 + -9c4de77?
-9c4de76
In base 12, what is 0 + -57990a?
-57990a
In base 12, what is -158b1054 + -2?
-158b1056
In base 12, what is 5 + -ba4592?
-ba4589
In base 5, what is 323143342 - 130?
323143212
In base 6, what is 3204132120 - 53?
3204132023
In base 11, what is 188a58 + -1a?
188a39
In base 8, what is 33137665 + 0?
33137665
In base 9, what is 86356 - -17124?
114481
In base 15, what is 253bca08 + -4?
253bca04
In base 5, what is 21112311223 + 2?
21112311230
In base 12, what is 3 + 4a0645?
4a0648
In base 12, what is 160864 - 13?
160851
In base 2, what is 0 - 100100101110111010001100010?
-100100101110111010001100010
In base 4, what is -10 - 230130133011?
-230130133021
In base 3, what is 100001002022 + 100121?
100001102220
In base 5, what is -32041213 - 0?
-32041213
In base 5, what is -1012103040 + 133?
-1012102402
In base 13, what is -71406 - a5?
-714ab
In base 12, what is -75617 + 1519?
-740ba
In base 4, what is 0 + -2211110012311?
-2211110012311
In base 9, what is 123118342 + 5?
123118347
In base 9, what is -5 + -1273405?
-1273411
In base 15, what is 2169901 + 2d?
216992e
In base 6, what is 104 + -5210030?
-5205522
In base 14, what is -c + -26a156?
-26a164
In base 13, what is 46 + 2cc692?
2cc708
In base 10, what is -264659 + -44?
-264703
In base 8, what is 114 + 776731?
777045
In base 11, what is 0 + 10184a337?
10184a337
In base 6, what is 5303542 - 0?
5303542
In base 13, what is -1cc205 + 60?
-1cc175
In base 15, what is -108 - 11ab?
-12b4
In base 2, what is 1011 + -110100111110100101111100?
-110100111110100101110001
In base 8, what is 17 + -241621000?
-241620761
In base 13, what is -12018b + 1?
-12018a
In base 5, what is 32324200012 + 2?
32324200014
In base 3, what is -2002201 + 1002102202?
1000100001
In base 15, what is 4c70a - -63?
4c76d
In base 5, what is 1322332420 + 2?
1322332422
In base 9, what is -5 - 32568210?
-32568215
In base 6, what is -5432532 - 152?
-5433124
In base 15, what is 144d0a - 36?
144cc4
In base 8, what is -4072 - -22543?
16451
In base 2, what is 111011 - -11111110001110000?
11111110010101011
In base 8, what is -1065573 + 0?
-1065573
In base 15, what is -144d + 2a4?
-1199
In base 6, what is -142 - 341323142?
-341323324
In base 6, what is -104133213021 - 2?
-104133213023
In base 6, what is -14504444000 - 2?
-14504444002
In base 12, what is -249 - 2609?
-2856
In base 6, what is 30514544052 - 5?
30514544043
In base 13, what is -804c6703 + -2?
-804c6705
In base 4, what is 232233331103 + 0?
232233331103
In base 15, what is ec76 + -62?
ec14
In base 16, what is -aa725 + -b5?
-aa7da
In base 10, what is 26 - 6152327?
-6152301
In base 4, what is -303113301 + -223?
-303120130
In base 3, what is 100101 - -10102012100?
10102112201
In base 2, what is 1000101001111111001011010001 + -1?
1000101001111111001011010000
In base 3, what is -102 + -2112101222021?
-2112101222200
In base 4, what is 1001121 - -23333111?
31000232
In base 16, what is 7941 + -f7ff?
-7ebe
In base 7, what is 2222534340 + 5?
2222534345
In base 16, what is -c06c - -12?
-c05a
In base 8, what is 0 - -526141577?
526141577
In base 16, what is -5a65784 - -2?
-5a65782
In base 13, what is -2 + 9550c?
9550a
In base 8, what is 2625341446 - 5?
2625341441
In base 8, what is -266412 + -7257?
-275671
In base 16, what is 1709c - -34?
170d0
In base 3, what is 220010120 + -100011101?
112222012
In base 15, what is -517c5ed + -5?
-517c603
In base 12, what is -20b96 + 434?
-20762
In base 4, what is -1131101 + 2132?
-1122303
In base 14, what is -7 - -219ad19?
219ad12
In base 16, what is -1320b + 1c5?
-13046
In base 13, what is 478514 - -9?
478520
In base 5, what is 4 + -13421113203?
-13421113144
In base 5, what is -14 - -22434432?
22434413
In base 11, what is 2181 + 1183a1?
11a572
In base 6, what is -133 + -4243015?
-4243152
In base 10, what is 7979374 + -29?
7979345
In base 3, what is 110022210120100 - -120?
110022210120220
In base 15, what is -1ca2b - 3?
-1ca2e
In base 12, what is 51932 - -47?
51979
In base 12, what is 5344478 - 4?
5344474
In base 12, what is -208802 - -19?
-2087a5
In base 14, what is 5 + -2000a6?
-2000a1
In base 13, what is 3 + 24a820b?
24a8211
In base 4, what is -3 + 12130303323212?
12130303323203
In base 3, what is 10000 + -20011020020?
-20011010020
In base 14, what is -2080 + -33d8?
-5478
In base 5, what is -2443221124